factor of 11 and o?
11
Suppose -2*n - n + 64 = -l, -80 = -5*n - 5*l. Suppose -17*t = -n*t + 39. What is the highest common factor of 143 and t?
13
Let z = -59 + 62. Let a(h) = 5*h + 3. Suppose -3*i = 2*i - 15. Let k be a(i). Calculate the highest common factor of z and k.
3
Let s be (-3)/4*(-16072)/294. What is the highest common factor of 205 and s?
41
Let c = -858 + 1458. What is the highest common divisor of 12 and c?
12
Let i be 5*-1 - (-57070)/26. Calculate the greatest common factor of 15 and i.
15
Let z(u) = -u + 3. Let n be z(-9). Suppose -8*l = -2*l - n. Suppose 74 = -0*y + l*y. What is the highest common divisor of 296 and y?
37
Suppose -b + 4 = 1, -4*r + 210 = -2*b. Let n be (2/12 - 6/(-18))*r. Calculate the greatest common divisor of 216 and n.
27
Let h = 220 + -215. What is the greatest common factor of 20 and h?
5
Let s(w) = -w + 7. Let t(u) = 3*u - 22. Let f(l) = 7*s(l) + 2*t(l). Let n be f(-5). Let d be -2 + 5/(n/28). What is the highest common divisor of 36 and d?
12
Let s(f) = 3*f**2. Let i(x) = -20*x**2 - x - 2. Let d(n) = 3*i(n) + 21*s(n). Let v be d(-2). What is the greatest common factor of v and 84?
12
Let a = 100 - 20. Suppose 0*r + 3*r - 30 = 0. Calculate the highest common factor of a and r.
10
Suppose 5*s - 2*b = 4400, 8*s = 3*s + b + 4405. What is the greatest common factor of 21 and s?
21
Let o be -306*16/(-8) - (0 - -1). What is the highest common factor of o and 94?
47
Let n = -627 + 639. Let p = -2 + 4. Suppose -414 = -5*w + p*m, -w + 0*m = -5*m - 69. What is the highest common factor of w and n?
12
Suppose -3*s + 2*f + 371 = 0, 3*s = 5*f + 186 + 197. Calculate the highest common divisor of 33 and s.
11
Suppose -171*o + 176*o = 1180. Let w = o - 170. Calculate the highest common factor of w and 44.
22
Suppose 66 = 4*z + z + 2*c, 6 = z - 2*c. Let s be -4 - (-4 + (-2 - 18)). Let u be 5*-4*(-24)/s. Calculate the greatest common divisor of u and z.
12
Suppose 42*v + 735 = 49*v. Suppose 2*n - 14 = -2*i, 3*i - 23 = 2*i + 3*n. Suppose 2*g - 53 = -i. What is the greatest common factor of g and v?
21
Let o(d) = -5*d - 40. Let m be o(-11). Let x be 3*(-46)/(-9) - 5/m. What is the highest common factor of 225 and x?
15
Let s = 993 + -984. Calculate the highest common factor of 99 and s.
9
Let k(b) = b**2 - 5*b + 7. Let d be k(5). Let m = 62 + -59. Suppose m*a - d*a + 12 = 0. What is the greatest common divisor of a and 9?
3
Suppose 4*f - 7 = -3. Suppose -21 + f = 5*c, -2*r + 2 = -2*c. Let q(z) = -z**2 - z + 7. Let t be q(r). What is the highest common factor of t and 4?
1
Let r(l) = -15*l + 10. Let i be r(-3). Calculate the highest common divisor of i and 5.
5
Suppose 963 = 3*s - 381. Suppose 28 = 4*z - s. What is the highest common factor of 17 and z?
17
Suppose -6*a - 2178 = -28*a. What is the highest common factor of 110 and a?
11
Let u be (768/240)/(4/15). Let l = 56 - -38. Let h = 2 + l. What is the highest common divisor of u and h?
12
Let i be 17 - 11 - 2/(1 - 0). Calculate the highest common divisor of i and 68.
4
Let v(g) = g**2 - 17*g + 34. Suppose 0 = d - 1, 2*z + d + d - 32 = 0. Let q be v(z). Calculate the greatest common factor of 1 and q.
1
Suppose 3*p + 168 = l - 176, -2*l + 688 = 3*p. What is the highest common divisor of l and 8?
8
Let n(a) = -a**3 - 8*a**2 + 6*a - 18. Let y be n(-9). Suppose y*p + 210 = 23*p. Suppose -44 = -3*b + 1. Calculate the greatest common factor of b and p.
15
Let w(m) = -158*m**2 + 9*m + 3*m**3 + 157*m**2 + 10 - 2*m**3. Let r be w(5). Let j = -63 - -94. What is the highest common divisor of r and j?
31
Suppose -32*h + 598 + 234 = 32*h. Suppose -4*m = 30 - 134. Calculate the highest common divisor of m and h.
13
Suppose 0*l + 3*l - 27 = 0. Let v be 4 + 3/(-3) + l. Let b be 1*v - (-4 - -2). What is the highest common factor of b and 21?
7
Suppose -6*t = -t - 20. Suppose x + g - 38 = -3*g, -t*x - 5*g = -97. Suppose 2*r = r + x. What is the greatest common factor of 198 and r?
18
Suppose -w = -c - c + 40, 3*c = 2*w + 58. Let g = 34 + c. Calculate the greatest common factor of g and 14.
14
Let o = -334 - -878. Suppose t - 4*k + o = 6*t, 211 = 2*t - 5*k. Suppose 0 = u - 4*u + 81. Calculate the highest common factor of u and t.
27
Suppose 3*m = 16*m - 13. What is the greatest common divisor of 13 and m?
1
Suppose -2*n = 8, n - 4*n = 3*w - 528. Let i be (-8 + 0)*w/(-48). Suppose q - 8 = -2. What is the highest common factor of i and q?
6
Suppose -8*l + 1 = -5*r - 5*l, 3*r - 4*l = -5. Calculate the greatest common divisor of 89 and r.
1
Let g be (-2)/(-6) - 174/9. Let j = -9 - g. Suppose p = j - 4. What is the greatest common factor of 42 and p?
6
Suppose 0 = 21*v - 9*v - 156. Calculate the greatest common divisor of 26 and v.
13
Suppose -279*m + 312 = -276*m. What is the greatest common factor of 32 and m?
8
Let q(c) = c + 1. Let p be q(2). Let o(a) = 11*a**2 - 9*a + 7. Let b be o(1). Calculate the greatest common divisor of p and b.
3
Let q = 548 + 145. What is the highest common divisor of 297 and q?
99
Suppose 2*d = 2*f + 80, 0*d + 4*d - 5*f - 162 = 0. Suppose -2*g = j + 56, 0*j + 118 = -4*g + j. Let k = -10 - g. What is the greatest common factor of k and d?
19
Suppose -3*u + 4 = 7, 0 = -4*l + 3*u + 195. What is the greatest common factor of l and 276?
12
Let l(f) = f**2 - 3*f - 193. Let v be l(18). Suppose 0 = -g - 0*g + 7. Calculate the highest common divisor of v and g.
7
Let c = 1669 + -1655. Let l be 49*(2 - (1 + 0)). What is the greatest common divisor of c and l?
7
Let w(s) = -s**3 - 7*s**2 - 3*s + 3. Let k = 89 - 64. Let v be (-180)/k + (-1)/(-5). Let o be w(v). Calculate the greatest common factor of o and 6.
6
Let g(b) be the second derivative of -b**4/12 + 5*b**3/6 - 3*b**2 + 2*b. Let d be g(3). Let l = 12 + d. Calculate the greatest common divisor of 84 and l.
12
Suppose -5*w - 17*w + 6358 = 0. What is the greatest common divisor of 17 and w?
17
Let c = -36 - -42. Suppose -2*q = -c*q - 68. Let z be (16 + q)/((-1)/12). Calculate the greatest common divisor of 3 and z.
3
Let i be 8/52 + 646/26 - 5. Calculate the greatest common divisor of 44 and i.
4
Let w = 635 - 437. Let o be (-10)/20 + (-13)/(-2). Let j be (-8 - 4)/((-4)/o). What is the highest common divisor of j and w?
18
Suppose 3*u = -5*n + 7*u + 204, -3*n + 5*u + 125 = 0. Calculate the highest common divisor of 16 and n.
8
Let y be (21 - 1)*51*24/30. What is the greatest common factor of 96 and y?
48
Let x(k) be the second derivative of 0 + 11*k**2 - 1/3*k**3 - 3*k. Let t be x(9). What is the greatest common divisor of t and 8?
4
Let n = 98 + -84. Let q(s) = s**2 + 7*s + 7. Let i be q(n). Calculate the highest common factor of i and 43.
43
Let j = -590 - -625. Calculate the greatest common divisor of j and 14.
7
Let c(f) = -f**3 - f**2 - f. Let r be c(-2). Calculate the greatest common factor of r and 138.
6
Suppose -4*p + 4 = 4*k, -3*p - 14*k + 9*k = -1. Suppose p*z + 4 = v - 0*z, -5*z - 6 = -2*v. Calculate the greatest common divisor of 6 and v.
2
Suppose 4*z - 434 = 2*z. Suppose 0 = -5*k + z + 103. Calculate the highest common factor of 8 and k.
8
Suppose -4*d = m - 376, 3*m + 1820 = 8*m + 5*d. Suppose -11*a = a - m. Let r be 91 + 0 - 2/2. What is the greatest common divisor of r and a?
30
Suppose 0*r = -3*x + 2*r + 29, -4*r = -8. Let w = 2 - -13. Let d = w - x. Calculate the greatest common divisor of d and 36.
4
Let o = 4 + 20. Let v be (2/(-3))/(8/(-36)). Suppose 2*s = -4*d + 22, v*d + 0*s = -3*s + 15. What is the highest common factor of o and d?
6
Let z = 9 + -6. Suppose -5*m = 5*n + 11 - 186, z*m - 5*n - 137 = 0. Let j = 10 + 3. Calculate the highest common divisor of m and j.
13
Suppose -11*c - 2*c = -182. Let b be (c - -2)*1/1. What is the highest common factor of b and 112?
16
Suppose -4*b = -0*b - 12. Let r be b/(2 + -1 + 2). Let f = r + 2. Calculate the greatest common divisor of 1 and f.
1
Let x be (-2 + -18)/(-4)*364/35. What is the greatest common divisor of 44 and x?
4
Let m = -42 + 44. Suppose 148 = 2*k + m*k. What is the greatest common divisor of k and 407?
37
Let w be 1 - 0*1/(-3). Let c be (0 + w)/(7 - 8). Let d be 3 + c - (-3108)/14. Calculate the highest common divisor of d and 32.
32
Suppose 0 = -6*l - 0*l + 12. What is the highest common divisor of l and 10?
2
Let q = 45 + -43. Let g(